{"id":218,"date":"2023-11-15T22:16:26","date_gmt":"2023-11-15T22:16:26","guid":{"rendered":"https:\/\/eurotecelevadores.com.br\/?page_id=218"},"modified":"2024-11-19T13:56:08","modified_gmt":"2024-11-19T13:56:08","slug":"home","status":"publish","type":"page","link":"https:\/\/eurotecelevadores.com.br\/","title":{"rendered":"Home"},"content":{"rendered":"\t\t<div data-elementor-type=\"wp-page\" data-elementor-id=\"218\" class=\"elementor elementor-218\">\n\t\t\t\t<div class=\"elementor-element elementor-element-54f8b68 e-flex e-con-boxed e-con e-parent\" data-id=\"54f8b68\" data-element_type=\"container\" data-settings=\"{&quot;background_background&quot;:&quot;classic&quot;}\">\n\t\t\t\t\t<div class=\"e-con-inner\">\n\t\t\t\t<div class=\"elementor-element elementor-element-2c84c70 elementor-widget__width-initial elementor-widget elementor-widget-heading\" data-id=\"2c84c70\" data-element_type=\"widget\" data-widget_type=\"heading.default\">\n\t\t\t\t<div class=\"elementor-widget-container\">\n\t\t\t<h2 class=\"elementor-heading-title elementor-size-default\">Todo suporte para sua oficina<br><br> Conte com a nossa experi\u00eancia<br><br>\nElevador automotivo, qualquer modelo!<br><br>\nDucha automotiva<br>\nRampa pneum\u00e1tica e hidr\u00e1ulica<\/h2>\t\t<\/div>\n\t\t\t\t<\/div>\n\t\t\t\t<div class=\"elementor-element elementor-element-6b3070c elementor-position-top elementor-widget elementor-widget-image-box\" data-id=\"6b3070c\" data-element_type=\"widget\" data-widget_type=\"image-box.default\">\n\t\t\t\t<div class=\"elementor-widget-container\">\n\t\t\t<div class=\"elementor-image-box-wrapper\"><figure class=\"elementor-image-box-img\"><img fetchpriority=\"high\" decoding=\"async\" width=\"1000\" height=\"664\" src=\"https:\/\/eurotecelevadores.com.br\/wp-content\/uploads\/2023\/11\/fabrica.png\" class=\"attachment-full size-full wp-image-377\" alt=\"\" srcset=\"https:\/\/eurotecelevadores.com.br\/wp-content\/uploads\/2023\/11\/fabrica.png 1000w, https:\/\/eurotecelevadores.com.br\/wp-content\/uploads\/2023\/11\/fabrica-300x199.png 300w, https:\/\/eurotecelevadores.com.br\/wp-content\/uploads\/2023\/11\/fabrica-768x510.png 768w\" sizes=\"(max-width: 1000px) 100vw, 1000px\" \/><\/figure><div class=\"elementor-image-box-content\"><h3 class=\"elementor-image-box-title\">Maquinas e ferramentas<\/h3><p class=\"elementor-image-box-description\">Al\u00e9m de oferecer um atendimento especializado para suporte na compra de elevadores automotivos, pre\u00e7o atrativo e trabalhar com pe\u00e7as de alto n\u00edvel, a Eurotec Elevadores oferece consultoria para clientes na aquisi\u00e7\u00e3o de elevadores automotivos a pre\u00e7o atrativo.  Consulte agora mesmo os produtos no nosso cat\u00e1logo, duvida e or\u00e7amento entre em contato conosco.<\/p><\/div><\/div>\t\t<\/div>\n\t\t\t\t<\/div>\n\t\t\t\t<div class=\"elementor-element elementor-element-87a8723 elementor-position-top elementor-widget elementor-widget-image-box\" data-id=\"87a8723\" data-element_type=\"widget\" data-widget_type=\"image-box.default\">\n\t\t\t\t<div class=\"elementor-widget-container\">\n\t\t\t<div class=\"elementor-image-box-wrapper\"><figure class=\"elementor-image-box-img\"><img decoding=\"async\" width=\"500\" height=\"333\" src=\"https:\/\/eurotecelevadores.com.br\/wp-content\/uploads\/2023\/01\/elevadoroficinardi.jpg\" class=\"attachment-full size-full wp-image-55\" alt=\"\" srcset=\"https:\/\/eurotecelevadores.com.br\/wp-content\/uploads\/2023\/01\/elevadoroficinardi.jpg 500w, https:\/\/eurotecelevadores.com.br\/wp-content\/uploads\/2023\/01\/elevadoroficinardi-300x200.jpg 300w, https:\/\/eurotecelevadores.com.br\/wp-content\/uploads\/2023\/01\/elevadoroficinardi-272x182.jpg 272w\" sizes=\"(max-width: 500px) 100vw, 500px\" \/><\/figure><div class=\"elementor-image-box-content\"><h3 class=\"elementor-image-box-title\">Manuten\u00e7\u00e3o Preventiva<\/h3><p class=\"elementor-image-box-description\">A manuten\u00e7\u00e3o preventiva para elevadores automotivos \u00e9 uma preocupa\u00e7\u00e3o \u2013 e dever \u2013 de todos os propriet\u00e1rios e profissionais trabalhando em lojas de autom\u00f3veis, oficinas mec\u00e2nicas ou auto center. Afinal, assim como qualquer outro equipamento, os elevadores possuem pe\u00e7as e elementos que desgastam com o tempo de uso e que demandam cuidados cont\u00ednuos para o bom funcionamento.<\/p><\/div><\/div>\t\t<\/div>\n\t\t\t\t<\/div>\n\t\t\t\t\t<\/div>\n\t\t\t\t<\/div>\n\t\t<div class=\"elementor-element elementor-element-b6bb521 e-flex e-con-boxed e-con e-parent\" data-id=\"b6bb521\" data-element_type=\"container\">\n\t\t\t\t\t<div class=\"e-con-inner\">\n\t\t\t\t<div class=\"elementor-element elementor-element-ed988a0 elementor-widget elementor-widget-heading\" data-id=\"ed988a0\" data-element_type=\"widget\" data-widget_type=\"heading.default\">\n\t\t\t\t<div class=\"elementor-widget-container\">\n\t\t\t<h2 class=\"elementor-heading-title elementor-size-default\">Produtos<\/h2>\t\t<\/div>\n\t\t\t\t<\/div>\n\t\t\t\t<div class=\"elementor-element elementor-element-1356329 elementor-arrows-position-inside elementor-widget elementor-widget-image-carousel\" data-id=\"1356329\" data-element_type=\"widget\" data-settings=\"{&quot;slides_to_show&quot;:&quot;3&quot;,&quot;autoplay_speed&quot;:3000,&quot;_animation&quot;:&quot;none&quot;,&quot;navigation&quot;:&quot;arrows&quot;,&quot;autoplay&quot;:&quot;yes&quot;,&quot;pause_on_hover&quot;:&quot;yes&quot;,&quot;pause_on_interaction&quot;:&quot;yes&quot;,&quot;infinite&quot;:&quot;yes&quot;,&quot;speed&quot;:500}\" data-widget_type=\"image-carousel.default\">\n\t\t\t\t<div class=\"elementor-widget-container\">\n\t\t\t\t\t<div class=\"elementor-image-carousel-wrapper swiper\" dir=\"ltr\">\n\t\t\t<div class=\"elementor-image-carousel swiper-wrapper\" aria-live=\"off\">\n\t\t\t\t\t\t\t\t<div class=\"swiper-slide\" role=\"group\" aria-roledescription=\"slide\" aria-label=\"1 de 13\"><figure class=\"swiper-slide-inner\"><img decoding=\"async\" class=\"swiper-slide-image\" src=\"https:\/\/eurotecelevadores.com.br\/wp-content\/uploads\/2023\/11\/elevadorHidraulicoVermelho-150x150.png\" alt=\"Elevador Hidr\u00e1ulico 4000kg\" \/><figcaption class=\"elementor-image-carousel-caption\">Elevador Hidr\u00e1ulico 4000kg\n<\/figcaption><\/figure><\/div><div class=\"swiper-slide\" role=\"group\" aria-roledescription=\"slide\" aria-label=\"2 de 13\"><figure class=\"swiper-slide-inner\"><img decoding=\"async\" class=\"swiper-slide-image\" src=\"https:\/\/eurotecelevadores.com.br\/wp-content\/uploads\/2023\/11\/elevadorPortico-150x150.png\" alt=\"Elevador Hidr\u00e1ulico P\u00f3rtico 4000kg\" \/><figcaption class=\"elementor-image-carousel-caption\">Elevador Hidr\u00e1ulico P\u00f3rtico 4000kg\n<\/figcaption><\/figure><\/div><div class=\"swiper-slide\" role=\"group\" aria-roledescription=\"slide\" aria-label=\"3 de 13\"><figure class=\"swiper-slide-inner\"><img decoding=\"async\" class=\"swiper-slide-image\" src=\"https:\/\/eurotecelevadores.com.br\/wp-content\/uploads\/2023\/11\/elevador4Colunas-150x150.png\" alt=\"Elevador 4 colunas 4000kg \/ 5000kg\" \/><figcaption class=\"elementor-image-carousel-caption\">Elevador 4 colunas 4000kg \/ 5000kg<\/figcaption><\/figure><\/div><div class=\"swiper-slide\" role=\"group\" aria-roledescription=\"slide\" aria-label=\"4 de 13\"><figure class=\"swiper-slide-inner\"><img decoding=\"async\" class=\"swiper-slide-image\" src=\"https:\/\/eurotecelevadores.com.br\/wp-content\/uploads\/2023\/11\/elevador2600-2-150x150.png\" alt=\"Elevador Automotivo 2600kg\" \/><figcaption class=\"elementor-image-carousel-caption\">Elevador Automotivo 2600kg<\/figcaption><\/figure><\/div><div class=\"swiper-slide\" role=\"group\" aria-roledescription=\"slide\" aria-label=\"5 de 13\"><figure class=\"swiper-slide-inner\"><img decoding=\"async\" class=\"swiper-slide-image\" src=\"https:\/\/eurotecelevadores.com.br\/wp-content\/uploads\/2023\/11\/elevador4100-2-150x150.png\" alt=\"Elevador Automotivo 4100kg\" \/><figcaption class=\"elementor-image-carousel-caption\">Elevador Automotivo 4100kg<\/figcaption><\/figure><\/div><div class=\"swiper-slide\" role=\"group\" aria-roledescription=\"slide\" aria-label=\"6 de 13\"><figure class=\"swiper-slide-inner\"><img decoding=\"async\" class=\"swiper-slide-image\" src=\"https:\/\/eurotecelevadores.com.br\/wp-content\/uploads\/2023\/11\/elevadorEmbutir-150x150.png\" alt=\"Elevador Pantogr\u00e1fico de Embutir 3000kg\" \/><figcaption class=\"elementor-image-carousel-caption\">Elevador Pantogr\u00e1fico de Embutir 3000kg<\/figcaption><\/figure><\/div><div class=\"swiper-slide\" role=\"group\" aria-roledescription=\"slide\" aria-label=\"7 de 13\"><figure class=\"swiper-slide-inner\"><img decoding=\"async\" class=\"swiper-slide-image\" src=\"https:\/\/eurotecelevadores.com.br\/wp-content\/uploads\/2023\/11\/rampaEletromecanica-150x150.png\" alt=\"Rampa de Alinhamento Eletromec\u00e2nica 4000kg\" \/><figcaption class=\"elementor-image-carousel-caption\">Rampa de Alinhamento Eletromec\u00e2nica 4000kg<\/figcaption><\/figure><\/div><div class=\"swiper-slide\" role=\"group\" aria-roledescription=\"slide\" aria-label=\"8 de 13\"><figure class=\"swiper-slide-inner\"><img decoding=\"async\" class=\"swiper-slide-image\" src=\"https:\/\/eurotecelevadores.com.br\/wp-content\/uploads\/2023\/11\/rampaPantografica-150x150.png\" alt=\"Rampa de Alinhamento Pantogr\u00e1fica 3500kg\" \/><figcaption class=\"elementor-image-carousel-caption\">Rampa de Alinhamento Pantogr\u00e1fica 3500kg<\/figcaption><\/figure><\/div><div class=\"swiper-slide\" role=\"group\" aria-roledescription=\"slide\" aria-label=\"9 de 13\"><figure class=\"swiper-slide-inner\"><img decoding=\"async\" class=\"swiper-slide-image\" src=\"https:\/\/eurotecelevadores.com.br\/wp-content\/uploads\/2023\/11\/rampaPneumatica-150x150.png\" alt=\"Rampa de Alinhamento Pneum\u00e1tica 4000kg\" \/><figcaption class=\"elementor-image-carousel-caption\">Rampa de Alinhamento Pneum\u00e1tica 4000kg<\/figcaption><\/figure><\/div><div class=\"swiper-slide\" role=\"group\" aria-roledescription=\"slide\" aria-label=\"10 de 13\"><figure class=\"swiper-slide-inner\"><img decoding=\"async\" class=\"swiper-slide-image\" src=\"https:\/\/eurotecelevadores.com.br\/wp-content\/uploads\/2023\/11\/desmontadora-150x150.png\" alt=\"Desmontadora de Rodas para Pneus Run Flat\" \/><figcaption class=\"elementor-image-carousel-caption\">Desmontadora de Rodas para Pneus Run Flat<\/figcaption><\/figure><\/div><div class=\"swiper-slide\" role=\"group\" aria-roledescription=\"slide\" aria-label=\"11 de 13\"><figure class=\"swiper-slide-inner\"><img decoding=\"async\" class=\"swiper-slide-image\" src=\"https:\/\/eurotecelevadores.com.br\/wp-content\/uploads\/2023\/11\/balanceadora-150x150.png\" alt=\"Balanceadora de Rodas Computadorizada PRO\" \/><figcaption class=\"elementor-image-carousel-caption\">Balanceadora de Rodas Computadorizada PRO<\/figcaption><\/figure><\/div><div class=\"swiper-slide\" role=\"group\" aria-roledescription=\"slide\" aria-label=\"12 de 13\"><figure class=\"swiper-slide-inner\"><img decoding=\"async\" class=\"swiper-slide-image\" src=\"https:\/\/eurotecelevadores.com.br\/wp-content\/uploads\/2023\/11\/macacoHidraulico-150x150.png\" alt=\"Macaco hidr\u00e1ulico\" \/><figcaption class=\"elementor-image-carousel-caption\">Macaco hidr\u00e1ulico para caixa de c\u00e2mbio 2 est\u00e1gios<\/figcaption><\/figure><\/div><div class=\"swiper-slide\" role=\"group\" aria-roledescription=\"slide\" aria-label=\"13 de 13\"><figure class=\"swiper-slide-inner\"><img decoding=\"async\" class=\"swiper-slide-image\" src=\"https:\/\/eurotecelevadores.com.br\/wp-content\/uploads\/2024\/04\/compressor200L-150x150.webp\" alt=\"Compressor Chiaperini\" \/><figcaption class=\"elementor-image-carousel-caption\">Compressor Chiaperini<\/figcaption><\/figure><\/div>\t\t\t<\/div>\n\t\t\t\t\t\t\t\t\t\t\t\t<div class=\"elementor-swiper-button elementor-swiper-button-prev\" role=\"button\" tabindex=\"0\">\n\t\t\t\t\t\t<svg aria-hidden=\"true\" class=\"e-font-icon-svg e-fas-angle-double-left\" viewBox=\"0 0 448 512\" xmlns=\"http:\/\/www.w3.org\/2000\/svg\"><path d=\"M223.7 239l136-136c9.4-9.4 24.6-9.4 33.9 0l22.6 22.6c9.4 9.4 9.4 24.6 0 33.9L319.9 256l96.4 96.4c9.4 9.4 9.4 24.6 0 33.9L393.7 409c-9.4 9.4-24.6 9.4-33.9 0l-136-136c-9.5-9.4-9.5-24.6-.1-34zm-192 34l136 136c9.4 9.4 24.6 9.4 33.9 0l22.6-22.6c9.4-9.4 9.4-24.6 0-33.9L127.9 256l96.4-96.4c9.4-9.4 9.4-24.6 0-33.9L201.7 103c-9.4-9.4-24.6-9.4-33.9 0l-136 136c-9.5 9.4-9.5 24.6-.1 34z\"><\/path><\/svg>\t\t\t\t\t<\/div>\n\t\t\t\t\t<div class=\"elementor-swiper-button elementor-swiper-button-next\" role=\"button\" tabindex=\"0\">\n\t\t\t\t\t\t<svg aria-hidden=\"true\" class=\"e-font-icon-svg e-fas-angle-double-right\" viewBox=\"0 0 448 512\" xmlns=\"http:\/\/www.w3.org\/2000\/svg\"><path d=\"M224.3 273l-136 136c-9.4 9.4-24.6 9.4-33.9 0l-22.6-22.6c-9.4-9.4-9.4-24.6 0-33.9l96.4-96.4-96.4-96.4c-9.4-9.4-9.4-24.6 0-33.9L54.3 103c9.4-9.4 24.6-9.4 33.9 0l136 136c9.5 9.4 9.5 24.6.1 34zm192-34l-136-136c-9.4-9.4-24.6-9.4-33.9 0l-22.6 22.6c-9.4 9.4-9.4 24.6 0 33.9l96.4 96.4-96.4 96.4c-9.4 9.4-9.4 24.6 0 33.9l22.6 22.6c9.4 9.4 24.6 9.4 33.9 0l136-136c9.4-9.2 9.4-24.4 0-33.8z\"><\/path><\/svg>\t\t\t\t\t<\/div>\n\t\t\t\t\n\t\t\t\t\t\t\t\t\t<\/div>\n\t\t\t\t<\/div>\n\t\t\t\t<\/div>\n\t\t\t\t\t<\/div>\n\t\t\t\t<\/div>\n\t\t<div class=\"elementor-element elementor-element-58d3745 e-flex e-con-boxed e-con e-parent\" data-id=\"58d3745\" data-element_type=\"container\" data-settings=\"{&quot;background_background&quot;:&quot;classic&quot;}\">\n\t\t\t\t\t<div class=\"e-con-inner\">\n\t\t\t\t<div class=\"elementor-element elementor-element-77f7d52 elementor-widget-tablet__width-inherit elementor-widget-mobile__width-inherit elementor-widget elementor-widget-heading\" data-id=\"77f7d52\" data-element_type=\"widget\" data-widget_type=\"heading.default\">\n\t\t\t\t<div class=\"elementor-widget-container\">\n\t\t\t<h2 class=\"elementor-heading-title elementor-size-default\">Linha de ar em PPR<\/h2>\t\t<\/div>\n\t\t\t\t<\/div>\n\t\t\t\t<div class=\"elementor-element elementor-element-9018ef2 elementor-position-right elementor-vertical-align-top elementor-widget elementor-widget-image-box\" data-id=\"9018ef2\" data-element_type=\"widget\" data-widget_type=\"image-box.default\">\n\t\t\t\t<div class=\"elementor-widget-container\">\n\t\t\t<div class=\"elementor-image-box-wrapper\"><figure class=\"elementor-image-box-img\"><img decoding=\"async\" width=\"225\" height=\"300\" src=\"https:\/\/eurotecelevadores.com.br\/wp-content\/uploads\/2023\/11\/529b7a70-6e7a-4b95-9611-50bada938fa3-225x300.jpg\" class=\"attachment-medium size-medium wp-image-590\" alt=\"\" srcset=\"https:\/\/eurotecelevadores.com.br\/wp-content\/uploads\/2023\/11\/529b7a70-6e7a-4b95-9611-50bada938fa3-225x300.jpg 225w, https:\/\/eurotecelevadores.com.br\/wp-content\/uploads\/2023\/11\/529b7a70-6e7a-4b95-9611-50bada938fa3-768x1024.jpg 768w, https:\/\/eurotecelevadores.com.br\/wp-content\/uploads\/2023\/11\/529b7a70-6e7a-4b95-9611-50bada938fa3-1152x1536.jpg 1152w, https:\/\/eurotecelevadores.com.br\/wp-content\/uploads\/2023\/11\/529b7a70-6e7a-4b95-9611-50bada938fa3.jpg 1200w\" sizes=\"(max-width: 225px) 100vw, 225px\" \/><\/figure><div class=\"elementor-image-box-content\"><h3 class=\"elementor-image-box-title\">Vantagens da linha de ar feita em PPR<\/h3><p class=\"elementor-image-box-description\">Constru\u00edda em polipropileno e altamente resistente \u00e0 corros\u00e3o, a tubula\u00e7\u00e3o PPR para ar comprimido \u00e9 recomendada universalmente para instala\u00e7\u00e3o de redes de ar. Al\u00e9m disso, outro benef\u00edcio do uso da tubula\u00e7\u00e3o PPR para ar comprimido \u00e9 seu peso 30% inferior a tubula\u00e7\u00f5es met\u00e1licas equivalente. Por isso, seu uso garante a facilidade na instala\u00e7\u00e3o e elimina o uso de suportes mais resistentes.\n<br><br>Facilidade na Instala\u00e7\u00e3o: a tubula\u00e7\u00e3o PPR para ar comprimido \u00e9 leve e de f\u00e1cil manuseio. Por isso, aliada ao uso da termofus\u00e3o, a instala\u00e7\u00e3o \u00e9 \u00e1gil e econ\u00f4mica. Baixa Manuten\u00e7\u00e3o: quando instalada corretamente, a tubula\u00e7\u00e3o apresenta aus\u00eancia de vazamentos, diminuindo reparos na rede.<br><br>\n\nBenef\u00edcios: Durabilidade e longa vida \u00fatil, baixo custo de manuten\u00e7\u00e3o, resist\u00eancia a altas press\u00f5es e temperaturas, elimina vazamentos e corros\u00f5es<\/p><\/div><\/div>\t\t<\/div>\n\t\t\t\t<\/div>\n\t\t\t\t\t<\/div>\n\t\t\t\t<\/div>\n\t\t<div class=\"elementor-element elementor-element-2bda6809 e-flex e-con-boxed e-con e-parent\" data-id=\"2bda6809\" data-element_type=\"container\" data-settings=\"{&quot;background_background&quot;:&quot;classic&quot;}\">\n\t\t\t\t\t<div class=\"e-con-inner\">\n\t\t<div class=\"elementor-element elementor-element-425ba2e0 e-con-full e-flex e-con e-child\" data-id=\"425ba2e0\" data-element_type=\"container\">\n\t\t\t\t<div class=\"elementor-element elementor-element-222ec9c9 elementor-widget elementor-widget-heading\" data-id=\"222ec9c9\" data-element_type=\"widget\" data-widget_type=\"heading.default\">\n\t\t\t\t<div class=\"elementor-widget-container\">\n\t\t\t<h2 class=\"elementor-heading-title elementor-size-default\">Fale conosco<\/h2>\t\t<\/div>\n\t\t\t\t<\/div>\n\t\t\t\t<div class=\"elementor-element elementor-element-6809cc19 elementor-mobile-align-center elementor-icon-list--layout-traditional elementor-list-item-link-full_width elementor-widget elementor-widget-icon-list\" data-id=\"6809cc19\" data-element_type=\"widget\" data-widget_type=\"icon-list.default\">\n\t\t\t\t<div class=\"elementor-widget-container\">\n\t\t\t\t\t<ul class=\"elementor-icon-list-items\">\n\t\t\t\t\t\t\t<li class=\"elementor-icon-list-item\">\n\t\t\t\t\t\t\t\t\t\t\t<span class=\"elementor-icon-list-icon\">\n\t\t\t\t\t\t\t<svg aria-hidden=\"true\" class=\"e-font-icon-svg e-fab-whatsapp\" viewBox=\"0 0 448 512\" xmlns=\"http:\/\/www.w3.org\/2000\/svg\"><path d=\"M380.9 97.1C339 55.1 283.2 32 223.9 32c-122.4 0-222 99.6-222 222 0 39.1 10.2 77.3 29.6 111L0 480l117.7-30.9c32.4 17.7 68.9 27 106.1 27h.1c122.3 0 224.1-99.6 224.1-222 0-59.3-25.2-115-67.1-157zm-157 341.6c-33.2 0-65.7-8.9-94-25.7l-6.7-4-69.8 18.3L72 359.2l-4.4-7c-18.5-29.4-28.2-63.3-28.2-98.2 0-101.7 82.8-184.5 184.6-184.5 49.3 0 95.6 19.2 130.4 54.1 34.8 34.9 56.2 81.2 56.1 130.5 0 101.8-84.9 184.6-186.6 184.6zm101.2-138.2c-5.5-2.8-32.8-16.2-37.9-18-5.1-1.9-8.8-2.8-12.5 2.8-3.7 5.6-14.3 18-17.6 21.8-3.2 3.7-6.5 4.2-12 1.4-32.6-16.3-54-29.1-75.5-66-5.7-9.8 5.7-9.1 16.3-30.3 1.8-3.7.9-6.9-.5-9.7-1.4-2.8-12.5-30.1-17.1-41.2-4.5-10.8-9.1-9.3-12.5-9.5-3.2-.2-6.9-.2-10.6-.2-3.7 0-9.7 1.4-14.8 6.9-5.1 5.6-19.4 19-19.4 46.3 0 27.3 19.9 53.7 22.6 57.4 2.8 3.7 39.1 59.7 94.8 83.8 35.2 15.2 49 16.5 66.6 13.9 10.7-1.6 32.8-13.4 37.4-26.4 4.6-13 4.6-24.1 3.2-26.4-1.3-2.5-5-3.9-10.5-6.6z\"><\/path><\/svg>\t\t\t\t\t\t<\/span>\n\t\t\t\t\t\t\t\t\t\t<span class=\"elementor-icon-list-text\"> (34)99905-8830<\/span>\n\t\t\t\t\t\t\t\t\t<\/li>\n\t\t\t\t\t\t\t\t<li class=\"elementor-icon-list-item\">\n\t\t\t\t\t\t\t\t\t\t\t<span class=\"elementor-icon-list-icon\">\n\t\t\t\t\t\t\t<svg aria-hidden=\"true\" class=\"e-font-icon-svg e-far-envelope\" viewBox=\"0 0 512 512\" xmlns=\"http:\/\/www.w3.org\/2000\/svg\"><path d=\"M464 64H48C21.49 64 0 85.49 0 112v288c0 26.51 21.49 48 48 48h416c26.51 0 48-21.49 48-48V112c0-26.51-21.49-48-48-48zm0 48v40.805c-22.422 18.259-58.168 46.651-134.587 106.49-16.841 13.247-50.201 45.072-73.413 44.701-23.208.375-56.579-31.459-73.413-44.701C106.18 199.465 70.425 171.067 48 152.805V112h416zM48 400V214.398c22.914 18.251 55.409 43.862 104.938 82.646 21.857 17.205 60.134 55.186 103.062 54.955 42.717.231 80.509-37.199 103.053-54.947 49.528-38.783 82.032-64.401 104.947-82.653V400H48z\"><\/path><\/svg>\t\t\t\t\t\t<\/span>\n\t\t\t\t\t\t\t\t\t\t<span class=\"elementor-icon-list-text\">contato@eurotecelevadores.com.br<\/span>\n\t\t\t\t\t\t\t\t\t<\/li>\n\t\t\t\t\t\t\t\t<li class=\"elementor-icon-list-item\">\n\t\t\t\t\t\t\t\t\t\t\t<span class=\"elementor-icon-list-icon\">\n\t\t\t\t\t\t\t<svg aria-hidden=\"true\" class=\"e-font-icon-svg e-far-clock\" viewBox=\"0 0 512 512\" xmlns=\"http:\/\/www.w3.org\/2000\/svg\"><path d=\"M256 8C119 8 8 119 8 256s111 248 248 248 248-111 248-248S393 8 256 8zm0 448c-110.5 0-200-89.5-200-200S145.5 56 256 56s200 89.5 200 200-89.5 200-200 200zm61.8-104.4l-84.9-61.7c-3.1-2.3-4.9-5.9-4.9-9.7V116c0-6.6 5.4-12 12-12h32c6.6 0 12 5.4 12 12v141.7l66.8 48.6c5.4 3.9 6.5 11.4 2.6 16.8L334.6 349c-3.9 5.3-11.4 6.5-16.8 2.6z\"><\/path><\/svg>\t\t\t\t\t\t<\/span>\n\t\t\t\t\t\t\t\t\t\t<span class=\"elementor-icon-list-text\">Seg \u00e0 Sex 08:00 \u00e0s 18:00 - Sab 08:00 \u00e0s 12:00<\/span>\n\t\t\t\t\t\t\t\t\t<\/li>\n\t\t\t\t\t\t\t\t<li class=\"elementor-icon-list-item\">\n\t\t\t\t\t\t\t\t\t\t\t<span class=\"elementor-icon-list-icon\">\n\t\t\t\t\t\t\t<svg aria-hidden=\"true\" class=\"e-font-icon-svg e-fas-map-marker-alt\" viewBox=\"0 0 384 512\" xmlns=\"http:\/\/www.w3.org\/2000\/svg\"><path d=\"M172.268 501.67C26.97 291.031 0 269.413 0 192 0 85.961 85.961 0 192 0s192 85.961 192 192c0 77.413-26.97 99.031-172.268 309.67-9.535 13.774-29.93 13.773-39.464 0zM192 272c44.183 0 80-35.817 80-80s-35.817-80-80-80-80 35.817-80 80 35.817 80 80 80z\"><\/path><\/svg>\t\t\t\t\t\t<\/span>\n\t\t\t\t\t\t\t\t\t\t<span class=\"elementor-icon-list-text\">Uberl\u00e2ndia-MG e Tri\u00e2ngulo Mineiro<\/span>\n\t\t\t\t\t\t\t\t\t<\/li>\n\t\t\t\t\t\t<\/ul>\n\t\t\t\t<\/div>\n\t\t\t\t<\/div>\n\t\t\t\t<div class=\"elementor-element elementor-element-39d0bcd4 elementor-mobile-align-center elementor-widget elementor-widget-button\" data-id=\"39d0bcd4\" data-element_type=\"widget\" data-widget_type=\"button.default\">\n\t\t\t\t<div class=\"elementor-widget-container\">\n\t\t\t\t\t\t\t<div class=\"elementor-button-wrapper\">\n\t\t\t\t\t<a class=\"elementor-button elementor-button-link elementor-size-xs\" href=\"https:\/\/wa.me\/message\/USWZ2IMZUJIXC1\" target=\"_blank\">\n\t\t\t\t\t\t<span class=\"elementor-button-content-wrapper\">\n\t\t\t\t\t\t<span class=\"elementor-button-icon\">\n\t\t\t\t<svg aria-hidden=\"true\" class=\"e-font-icon-svg e-fab-whatsapp\" viewBox=\"0 0 448 512\" xmlns=\"http:\/\/www.w3.org\/2000\/svg\"><path d=\"M380.9 97.1C339 55.1 283.2 32 223.9 32c-122.4 0-222 99.6-222 222 0 39.1 10.2 77.3 29.6 111L0 480l117.7-30.9c32.4 17.7 68.9 27 106.1 27h.1c122.3 0 224.1-99.6 224.1-222 0-59.3-25.2-115-67.1-157zm-157 341.6c-33.2 0-65.7-8.9-94-25.7l-6.7-4-69.8 18.3L72 359.2l-4.4-7c-18.5-29.4-28.2-63.3-28.2-98.2 0-101.7 82.8-184.5 184.6-184.5 49.3 0 95.6 19.2 130.4 54.1 34.8 34.9 56.2 81.2 56.1 130.5 0 101.8-84.9 184.6-186.6 184.6zm101.2-138.2c-5.5-2.8-32.8-16.2-37.9-18-5.1-1.9-8.8-2.8-12.5 2.8-3.7 5.6-14.3 18-17.6 21.8-3.2 3.7-6.5 4.2-12 1.4-32.6-16.3-54-29.1-75.5-66-5.7-9.8 5.7-9.1 16.3-30.3 1.8-3.7.9-6.9-.5-9.7-1.4-2.8-12.5-30.1-17.1-41.2-4.5-10.8-9.1-9.3-12.5-9.5-3.2-.2-6.9-.2-10.6-.2-3.7 0-9.7 1.4-14.8 6.9-5.1 5.6-19.4 19-19.4 46.3 0 27.3 19.9 53.7 22.6 57.4 2.8 3.7 39.1 59.7 94.8 83.8 35.2 15.2 49 16.5 66.6 13.9 10.7-1.6 32.8-13.4 37.4-26.4 4.6-13 4.6-24.1 3.2-26.4-1.3-2.5-5-3.9-10.5-6.6z\"><\/path><\/svg>\t\t\t<\/span>\n\t\t\t\t\t\t\t\t\t<span class=\"elementor-button-text\">Fale conosco<\/span>\n\t\t\t\t\t<\/span>\n\t\t\t\t\t<\/a>\n\t\t\t\t<\/div>\n\t\t\t\t\t\t<\/div>\n\t\t\t\t<\/div>\n\t\t\t\t<\/div>\n\t\t<div class=\"elementor-element elementor-element-39c42cd1 e-con-full e-flex e-con e-child\" data-id=\"39c42cd1\" data-element_type=\"container\">\n\t\t\t\t<div class=\"elementor-element elementor-element-165bc89 elementor-widget elementor-widget-google_maps\" data-id=\"165bc89\" data-element_type=\"widget\" data-widget_type=\"google_maps.default\">\n\t\t\t\t<div class=\"elementor-widget-container\">\n\t\t\t\t\t<div class=\"elementor-custom-embed\">\n\t\t\t<iframe loading=\"lazy\"\n\t\t\t\t\tsrc=\"https:\/\/maps.google.com\/maps?q=Uberlandia-MG&#038;t=m&#038;z=10&#038;output=embed&#038;iwloc=near\"\n\t\t\t\t\ttitle=\"Uberlandia-MG\"\n\t\t\t\t\taria-label=\"Uberlandia-MG\"\n\t\t\t><\/iframe>\n\t\t<\/div>\n\t\t\t\t<\/div>\n\t\t\t\t<\/div>\n\t\t\t\t<\/div>\n\t\t\t\t\t<\/div>\n\t\t\t\t<\/div>\n\t\t\t\t<\/div>\n\t\t","protected":false},"excerpt":{"rendered":"<p>Todo suporte para sua oficina Conte com a nossa experi\u00eancia Elevador automotivo, qualquer modelo! Ducha automotiva Rampa pneum\u00e1tica e hidr\u00e1ulica Maquinas e ferramentas Al\u00e9m de oferecer um atendimento especializado para suporte na compra de elevadores automotivos, pre\u00e7o atrativo e trabalhar com pe\u00e7as de alto n\u00edvel, a Eurotec Elevadores oferece consultoria para clientes na aquisi\u00e7\u00e3o de [&hellip;]<\/p>\n","protected":false},"author":1,"featured_media":0,"parent":0,"menu_order":0,"comment_status":"closed","ping_status":"closed","template":"elementor_header_footer","meta":{"om_disable_all_campaigns":false,"_monsterinsights_skip_tracking":false,"_monsterinsights_sitenote_active":false,"_monsterinsights_sitenote_note":"","_monsterinsights_sitenote_category":0,"footnotes":""},"aioseo_notices":[],"_links":{"self":[{"href":"https:\/\/eurotecelevadores.com.br\/index.php\/wp-json\/wp\/v2\/pages\/218"}],"collection":[{"href":"https:\/\/eurotecelevadores.com.br\/index.php\/wp-json\/wp\/v2\/pages"}],"about":[{"href":"https:\/\/eurotecelevadores.com.br\/index.php\/wp-json\/wp\/v2\/types\/page"}],"author":[{"embeddable":true,"href":"https:\/\/eurotecelevadores.com.br\/index.php\/wp-json\/wp\/v2\/users\/1"}],"replies":[{"embeddable":true,"href":"https:\/\/eurotecelevadores.com.br\/index.php\/wp-json\/wp\/v2\/comments?post=218"}],"version-history":[{"count":106,"href":"https:\/\/eurotecelevadores.com.br\/index.php\/wp-json\/wp\/v2\/pages\/218\/revisions"}],"predecessor-version":[{"id":658,"href":"https:\/\/eurotecelevadores.com.br\/index.php\/wp-json\/wp\/v2\/pages\/218\/revisions\/658"}],"wp:attachment":[{"href":"https:\/\/eurotecelevadores.com.br\/index.php\/wp-json\/wp\/v2\/media?parent=218"}],"curies":[{"name":"wp","href":"https:\/\/api.w.org\/{rel}","templated":true}]}}